mainder when 54866 is divided by 341?
306
What is the remainder when 105572 is divided by 106?
102
What is the remainder when 18265 is divided by 14?
9
What is the remainder when 1199 is divided by 14?
9
Calculate the remainder when 5256765 is divided by 912.
909
What is the remainder when 1551 is divided by 1542?
9
What is the remainder when 3362 is divided by 14?
2
Calculate the remainder when 1392 is divided by 484.
424
What is the remainder when 2593 is divided by 28?
17
What is the remainder when 68928 is divided by 13780?
28
What is the remainder when 39335 is divided by 5617?
16
What is the remainder when 44731 is divided by 22339?
53
Calculate the remainder when 316774 is divided by 4.
2
Calculate the remainder when 37284 is divided by 22.
16
What is the remainder when 856840 is divided by 39?
10
What is the remainder when 22499 is divided by 65?
9
Calculate the remainder when 24320 is divided by 118.
12
Calculate the remainder when 10353 is divided by 3385.
198
What is the remainder when 371665 is divided by 22?
19
What is the remainder when 36271 is divided by 4525?
71
Calculate the remainder when 1495604 is divided by 3.
2
What is the remainder when 7012 is divided by 115?
112
Calculate the remainder when 66559 is divided by 259.
255
What is the remainder when 437839 is divided by 4335?
4
What is the remainder when 703693 is divided by 234558?
19
Calculate the remainder when 6436 is divided by 459.
10
Calculate the remainder when 2432 is divided by 45.
2
What is the remainder when 5638 is divided by 1844?
106
Calculate the remainder when 473 is divided by 68.
65
What is the remainder when 7575 is divided by 857?
719
What is the remainder when 18961 is divided by 186?
175
Calculate the remainder when 2314 is divided by 409.
269
Calculate the remainder when 1337 is divided by 20.
17
Calculate the remainder when 78208 is divided by 5.
3
What is the remainder when 5411 is divided by 417?
407
What is the remainder when 101126 is divided by 16853?
8
Calculate the remainder when 9069 is divided by 2259.
33
What is the remainder when 234 is divided by 223?
11
Calculate the remainder when 2736 is divided by 132.
96
Calculate the remainder when 18742 is divided by 4647.
154
What is the remainder when 7454 is divided by 7445?
9
What is the remainder when 21866 is divided by 143?
130
What is the remainder when 932 is divided by 59?
47
Calculate the remainder when 640655 is divided by 109.
62
Calculate the remainder when 210983 is divided by 26368.
39
What is the remainder when 42122 is divided by 2338?
38
What is the remainder when 48718 is divided by 240?
238
Calculate the remainder when 535 is divided by 138.
121
What is the remainder when 13835 is divided by 2712?
275
Calculate the remainder when 1079 is divided by 313.
140
What is the remainder when 3162903 is divided by 347?
345
What is the remainder when 14442 is divided by 15?
12
Calculate the remainder when 13335 is divided by 1341.
1266
Calculate the remainder when 1988 is divided by 86.
10
Calculate the remainder when 131811 is divided by 16475.
11
Calculate the remainder when 4351 is divided by 247.
152
Calculate the remainder when 94217 is divided by 766.
765
Calculate the remainder when 7844 is divided by 7832.
12
What is the remainder when 5171 is divided by 324?
311
Calculate the remainder when 153835 is divided by 1193.
1131
What is the remainder when 75743 is divided by 18924?
47
Calculate the remainder when 6270 is divided by 1973.
351
Calculate the remainder when 55237 is divided by 18411.
4
Calculate the remainder when 244982 is divided by 65.
62
Calculate the remainder when 5855 is divided by 5821.
34
What is the remainder when 104270 is divided by 34749?
23
What is the remainder when 791 is divided by 226?
113
Calculate the remainder when 46414 is divided by 3861.
82
Calculate the remainder when 5971 is divided by 5755.
216
What is the remainder when 113149 is divided by 16?
13
What is the remainder when 652563 is divided by 301?
296
What is the remainder when 7634 is divided by 91?
81
What is the remainder when 127000 is divided by 444?
16
Calculate the remainder when 2029273 is divided by 26.
25
Calculate the remainder when 109820 is divided by 29.
26
Calculate the remainder when 1684 is divided by 786.
112
What is the remainder when 232767 is divided by 113?
100
Calculate the remainder when 721 is divided by 377.
344
Calculate the remainder when 30441 is divided by 175.
166
What is the remainder when 196074 is divided by 98029?
16
What is the remainder when 1142 is divided by 286?
284
Calculate the remainder when 6332 is divided by 1177.
447
Calculate the remainder when 2723 is divided by 1345.
33
What is the remainder when 596018 is divided by 20?
18
Calculate the remainder when 712 is divided by 212.
76
What is the remainder when 385244 is divided by 281?
274
Calculate the remainder when 2561765 is divided by 8.
5
Calculate the remainder when 1773 is divided by 22.
13
Calculate the remainder when 26561 is divided by 159.
8
Calculate the remainder when 5719 is divided by 135.
49
What is the remainder when 3441 is divided by 431?
424
What is the remainder when 3861615 is divided by 563?
561
Calculate the remainder when 3739 is divided by 156.
151
What is the remainder when 2395 is divided by 36?
19
Calculate the remainder when 11792 is divided by 319.
308
What is the remainder when 1382073 is divided by 95?
13
Calculate the remainder when 4731 is divided by 8.
3
Calculate the remainder when 2223 is divided by 408.
183
What is the remainder when 41779 is divided by 10?
9
What is the remainder when 89035 is divided by 44512?
11
What is the remainder when 63069 is divided by 11?
6
What is the remainder when 4356558 is divided by 568?
566
What is the remainder when 46687 is divided by 1506?
1
Calculate the remainder when 922348 is divided by 11.
9
Calculate the remainder when 14607 is divided by 208.
47
What is the remainder when 54422 is divided by 54381?
41
Calculate the remainder when 756 is divided by 26.
2
What is the remainder when 153902 is divided by 87?
86
Calculate the remainder when 8175 is divided by 2353.
1116
Calculate the remainder when 14643 is divided by 7289.
65
What is the remainder when 190057 is divided by 440?
417
What is the remainder when 4339 is divided by 1317?
388
Calculate the remainder when 1033 is divided by 166.
37
What is the remainder when 2087941 is divided by 695975?
16
What is the remainder when 6526 is divided by 24?
22
What is the remainder when 15115 is divided by 74?
19
Calculate the remainder when 32932 is divided by 1175.
32
Calculate the remainder when 5532 is divided by 191.
184
Calculate the remainder when 354169 is divided by 965.
14
What is the remainder when 355802 is divided by 383?
378
Calculate the remainder when 32478 is divided by 14.
12
Calculate the remainder when 304867 is divided by 152429.
9
What is the remainder when 1860 is divided by 759?
342
Calculate the remainder when 22388 is divided by 15.
8
Calculate the remainder when 979 is divided by 187.
44
What is the remainder when 3539178 is divided by 17?
16
What is the remainder when 627068 is divided by 276?
272
Calculate the remainder when 300944 is divided by 281.
274
Calculate the remainder when 42727 is divided by 4.
3
Calculate the remainder when 473112 is divided by 18924.
12
Calculate the remainder when 45538 is divided by 843.
16
Calculate the remainder when 2121 is divided by 54.
15
What is the remainder when 14874 is divided by 646?
16
What is the remainder when 7855 is divided by 7829?
26
What is the remainder when 880736 is divided by 11?
10
What is the remainder when 2356 is divided by 159?
130
Calculate the remainder when 2159558 is divided by 1387.
1386
Calculate the remainder when 71330 is divided by 59.
58
Calculate the remainder when 232843 is divided by 4954.
5
What is the remainder when 4956620 is divided by 173?
170
Calculate the remainder when 638 is divided by 60.
38
What is the remainder when 3731 is divided by 143?
13
Calculate the remainder when 5284 is divided by 68.
48
What is the remainder when 654883 is divided by 539?
537
What is the remainder when 26262 is divided by 40?
22
Calculate the remainder when 25263 is divided by 1210.
